= -a**3 + 25 + 38*a**2 + 15*a + 19 - 60. What is the tens digit of n(38)?
5
Let k be -1 + 3 + -1 + -5. Let o be (2 + -77)/(6/k). Suppose -4*j + 14 = -o. What is the tens digit of j?
1
Suppose -37*c + 34628 = -15*c. Suppose -c*g + 1577*g = 126. What is the units digit of g?
2
Suppose 8*z - 33 = 5*z. Suppose z*r + 0*r - 2629 = 0. What is the units digit of r?
9
Let m = -305 + 301. What is the units digit of (1573 + m/1)*(-4)/(-6)?
6
Let j be -4 - (-160)/(-12) - 3/(-9). Let h = j - -22. Let k(p) = 27*p + 22. What is the tens digit of k(h)?
5
What is the tens digit of (1222 - 8)*(-140)/(-40)?
4
Suppose -1 = 5*j + 9. Let v(s) = -s**2 - 2*s. Let k be v(j). Suppose k = 8*m + 39 - 447. What is the tens digit of m?
5
Let s = -305 - -308. Suppose -s*l + 3*m = -1365, -36 = 3*m - 27. What is the units digit of l?
2
What is the units digit of (1225 - 1) + (4 - -7)?
5
Let g = -72 - -83. Suppose g*l + 12 = 1. What is the tens digit of l*20/(-8)*102/5?
5
Let j(u) = 5*u**3 - 22*u**2 + 14*u + 13. Let q(w) = -w**3 + 3*w**2 + 1. Let f(o) = j(o) + 4*q(o). What is the tens digit of f(9)?
6
What is the units digit of 17/(-9) + 2 - 587450/(-225)?
1
Let r be ((-14)/(-2) - 10)*(-1559)/3. Suppose 9*n - r - 9898 = 0. What is the thousands digit of n?
1
Let d(c) = -14 - 4*c**3 + 10*c**2 + 0*c**3 - 532*c + 3*c**3 + 538*c. What is the tens digit of d(8)?
6
Let f be 1094/6 + (-2)/(-3). Let v = f - 28. Suppose v = -4*n + 567. What is the hundreds digit of n?
1
What is the tens digit of (-13 + 10)*-3022*6/12?
3
Let a(g) = 16*g**2 - 2*g - 1. Let n(t) = -2*t**2 - 2. Let r be n(-2). Let u(z) = -z**3 - 9*z**2 + 12*z + 22. Let b be u(r). What is the units digit of a(b)?
9
Let q be 1/11 - 6861/(-33). Suppose 7085 + q = 17*g. What is the hundreds digit of g?
4
Let k = -106 - -36. Let h be k/25*(-105)/6. What is the tens digit of 1792/h + (-3)/(-7)?
3
Suppose 0 = 372*z - 355*z - 294304. What is the thousands digit of z?
7
Let d(c) = c**2 + 37*c + 4. Let f(q) = 4*q**2 + 149*q + 20. Let k(z) = -9*d(z) + 2*f(z). What is the units digit of k(-23)?
0
Let f(r) = 14*r**3 - 3*r**2 - 11*r + 46. What is the hundreds digit of f(7)?
6
Let u be 2/132*12 + (-656)/(-22). What is the units digit of ((-340)/u)/((-3)/72)?
2
Suppose 76*v = 79*v - 19947. What is the units digit of v?
9
Suppose -u + 4*u - 2*k = 28, 5*u = 4*k + 48. What is the units digit of (1314/u)/(3/8)?
8
What is the hundreds digit of (-1020)/16*(-2560)/96?
7
Suppose 0 = -38*i - 484430 + 685207 + 648181. What is the hundreds digit of i?
3
What is the hundreds digit of 1*2 + -71265*(-217)/465?
2
Let q = 310 - 292. Let j(h) = 2*h**2 - 12*h - h**2 + 9 + 0*h**2 + 8. What is the tens digit of j(q)?
2
Suppose 4*f + 1056 = 2*i, 2*i - 5*i - 3*f + 1557 = 0. Let z = i - 280. What is the units digit of z?
2
Suppose -251*f + 726889 + 1360929 = 0. What is the thousands digit of f?
8
Let x = -33082 - -68384. What is the tens digit of x?
0
Let l be (95/(-57))/((-25)/(-45)). Suppose -2*s + 54 = -3*s. What is the tens digit of ((-85)/l + 1)/((-9)/s)?
7
Suppose 3 = -3*k - 6*i + 9*i, 0 = 5*k - i - 15. What is the tens digit of 133059/459 - (k/(-18))/2?
9
Suppose 0 = k - 7 + 4. Let i(p) = 32*p**3 + 5*p**2 + 6*p**2 - 23*p - 31*p**k + 14 + p. What is the hundreds digit of i(-11)?
2
Let h(k) = 6*k**3 + k**2 + 3*k - 3. Let m be h(1). Suppose -m*y - 22 = -267. Suppose -3*d + 147 = -a - 0*a, d - y = 5*a. What is the tens digit of d?
5
Let z(u) = 1109*u - 3590. What is the units digit of z(28)?
2
Let a be 0 + (1078/(-28) - 6/(-4)). Let w = a - -379. What is the units digit of w?
2
Suppose 6111 - 2185 = 23*w - 4791. What is the hundreds digit of w?
3
Let w(q) = 16*q**2 + 31*q - 1. Let k(v) = -8*v**2 - 54*v + 7. Let c be k(-7). What is the hundreds digit of w(c)?
5
Let a(c) = 4*c**2 - 7*c + 15. Let p be (-4)/22 + 1332/66. Suppose 0 = -45*t + 49*t - p. What is the units digit of a(t)?
0
Suppose -48 = -2*i - 2*b, -6 = -3*i - 5*b + 76. Let w = i + 6. Suppose -3*t + w + 188 = 0. What is the tens digit of t?
7
Let m(s) = 278*s**2 - 221*s + 2219. What is the thousands digit of m(10)?
7
Let k(j) = 6*j**2 + 25*j + 3. Let g be k(3). Suppose w - 166 = -g. What is the tens digit of w?
3
Suppose -g + 13 = h + g, 2*h + 3*g - 26 = 0. Suppose -h*j = -14*j + 686. What is the tens digit of j?
8
What is the hundreds digit of ((-8)/14)/(252/128478)*-33?
6
Let l be ((-3)/9)/((-2)/762). Let v = 132 - 129. Suppose f - 242 = -5*b, -l = -5*b + v*f + 127. What is the units digit of b?
9
Let r(x) = 5*x + 5. Suppose 0 = 14*p - 186 - 10. What is the units digit of r(p)?
5
Let t = -378 + 49. Let m = t - -1250. What is the hundreds digit of m?
9
What is the tens digit of (-2)/11 - (-11891264)/1936?
4
Let y(v) = -9*v**2 + 25*v - 4. Let w be y(4). What is the units digit of w/96 + 1499/2?
9
Let h(x) = 11*x**2 + 2*x + 2. Let z be h(1). Let g be 10/(-2)*(-9)/z. What is the hundreds digit of (10/(-4))/(5/(-630)*g)?
1
Suppose -2*l + 4*i + 15046 = 0, 0 = -5*l - 5*i + 16615 + 21075. What is the tens digit of l?
3
Suppose -30 = -54*y + 39*y. What is the hundreds digit of 1 + (9 - 4) + 116 + y?
1
Let m be (16 - 11) + 0/(-2). Suppose -2 = -4*x + x + 4*f, -3*x + m*f + 1 = 0. Suppose y - 5*d + 416 = 3*y, -x*y + d + 428 = 0. What is the hundreds digit of y?
2
Suppose 6*a - 40688 - 70960 = 0. What is the ten thousands digit of a?
1
Suppose 0 = 3*y - y. Let f be (-48)/30*(-5)/2. Suppose -f*c - 321 = -3*z - y*c, c = -3*z + 306. What is the tens digit of z?
0
Suppose -4*v + 3207 + 4573 = 0. Suppose 0 = 3*w - 8*w - v. What is the tens digit of w/(-7) + 21/49?
5
Let x(j) = j + 1. Let p(f) = 55*f**2 - 7*f - 7. Let k(o) = p(o) - 6*x(o). What is the tens digit of k(-4)?
1
Let g = -15 + 21. Let m(h) = h**3 - 6*h**2 + 8*h + 1. Let q be m(g). Let r = q + -23. What is the tens digit of r?
2
What is the units digit of (8 + -11 + (-24)/(-3))*236?
0
Let m be (1/(-3)*0)/1. Let k(r) = r**3 - r**2. Let b be k(m). Suppose 4*q + 50 = -b*a + 5*a, -2*a = -5*q - 3. What is the tens digit of a?
1
Suppose 14*l + 282 - 2466 = 0. Let u = l + -91. What is the units digit of u?
5
Let c(j) = -j + 9. Let v be c(-12). Let z(f) = 2*f**2 - 40*f - 4. What is the tens digit of z(v)?
3
What is the tens digit of ((-2932)/6 + 1)*(5 + (28 - 36))?
6
Suppose -5*g = o - 7348 - 18264, 20512 = 4*g - 2*o. What is the tens digit of g?
2
Suppose 62*y = 57*y + 20, -5*t + 11019 = y. What is the tens digit of t?
0
Let k = -131 + 70. Let d be ((-2)/3)/((-45)/(-1755)). Let o = d - k. What is the tens digit of o?
3
Let a(c) = -3*c**3 - 47*c**2 - 11*c - 47. Let h(m) = m**3 + 16*m**2 + 4*m + 16. Let o(k) = 6*a(k) + 17*h(k). What is the units digit of o(-11)?
9
Let y be 38/1*2/(-8)*-778. Suppose -4436 = -3*a - 2*h, -10*h + 11*h = -5*a + y. What is the thousands digit of a?
1
Suppose a + 5*i = 2*a - 8676, 0 = -3*a + 2*i + 25989. What is the thousands digit of a?
8
Suppose 17376 = 17*g - 15502. Let s = -1381 + g. What is the units digit of s?
3
Let h(a) = 2*a + 36. Let j be 36/(-15)*(-7)/(21/(-20)). Let s be h(j). Suppose 2*c + 680 = 5*b, s*c + 5 = 5*c. What is the units digit of b?
8
Suppose -2326*d + 5*s + 19127 = -2324*d, -5*s = -3*d + 28698. What is the hundreds digit of d?
5
Let x = -263 + 322. Let t = 976 + x. What is the units digit of t?
5
Let g(v) = 875*v**2 - 669*v - 15. What is the units digit of g(8)?
3
Let s(j) = -j**3 - 19*j**2 + 39*j - 66. Let f be s(-21). Suppose -27 = 4*p - 3*p. What is the units digit of -3*(0 - f/(p/66))?
2
Let z be -2 - (24/6 + -6). Suppose z = -2*a + 5*b + 1471, 0 = -4*a + 14*b - 12*b + 2902. What is the hundreds digit of a?
7
Let y(m) = -4*m**3 + 151*m**2 + 121*m - 86. What is the hundreds digit of y(38)?
0
Let s = -17033 - -27983. What is the units digit of (-2)/((-20)/s) + 1?
6
Let c(q) = -q**2 + 2*q - 6. Let l be c(3). What is the units digit of (-9)/6*6/l?
1
Suppose -5*r = 5*j - 40, -3*j + 2*j - 22 = -5*r. Suppose -j*f - 4*a - 404 = 0, 527 = -0*f - 4*f - 3*a. Let y = f + 216. What is the units digit of y?
8
Let v = -10 + 12. Let t be (v/5)/(1/55). Suppose 2 = 4*h - t. What is the units digit of h?
6
Let u = 132 - 132. Suppose c + 4*c + 5*y - 4970 = u, 5*c - 5*y = 4930. Let g = c - 707. What is the hundreds digit of g?
2
Let n = -74 - 17. What is the tens digit of (n/(-104) - (-3)/(-8))*1454?
2
Suppose -85*n + 778712 = 